7 + (-20 - -40)?
7
(-1 + 2 - 7) + (41 - (26 - 4))
13
What is -24 + (19 - 13) - (-2 + 0 - 3)?
-13
What is 12 + (1 - (-10 - -40)) + 9 - 2?
-10
Calculate -20 - (-21 + (2 - -2)).
-3
Calculate -78 - -78 - (2 + (6 - 0)).
-8
6 - (4 + 0 - -25)
-23
Evaluate 15 - 9 - (8 + (2 - (8 + -8))).
-4
Calculate 23 - (101 + -66 + -2 + -14).
4
What is the value of -9 + (-3 + 10 - 4) + (5 - -1)?
0
What is (-3 - -7) + 3 + (-8 + 1 - -17)?
17
Evaluate -33 - ((23 - (-12 + 22)) + -17).
-29
What is the value of -2 + (-3 - (-9 - -14)) + 6?
-4
What is the value of -47 + 20 + 0 + 60?
33
Evaluate 4 + 19 - (10 + (0 - (-3 - -4))).
14
What is -4 + -13 + (-6 - -8)?
-15
Calculate (-17 - -10 - (-4 - 2)) + -11.
-12
Calculate 141 + -133 + (-1 - 11).
-4
What is -14 - -1 - (-9 + -24)?
20
(-5 - -13 - 6) + -10 - (0 - 20)
12
What is (-4 - 3) + 14 + -13 + (2 - 4)?
-8
-10 + 11 + -2 + -10 + 10
-1
(21 - (17 + 0)) + (1 - 1 - 14)
-10
Evaluate 1 + (-2 - 7) + -19 + (16 - -3).
-8
Calculate (4 - 6) + (2 - (-11 + -4)).
15
What is -11 - -6 - (5 - 1) - -12?
3
1 - -1 - -12 - 5 - 2 - -2
9
What is the value of 0 - 16 - ((28 - 12) + (-31 - -8))?
-9
(9 - 25) + (-44 - -67)
7
-3 + 0 + -5 + 9 + 6 + -9
-2
Calculate (1 - -7 - -1) + -17.
-8
Calculate -5 + -3 + 16 + 7 - 12.
3
Calculate -2 + 1 + 13 + (4 - 11).
5
Calculate 33 - (14 + -4 + -2 + (2 - 2)).
25
What is 3 + (-1 + (-4 - -5) - (42 - 24))?
-15
What is the value of -8 + 17 + (1 - 0) + -18?
-8
Calculate (5 - (-3 - 12)) + -17.
3
-10 - (-4 - -18) - -29
5
What is the value of 18 - (26 - 5) - (2 + -11 + 0)?
6
Calculate (2 + (13 - 2) - 1) + (-56 - -54).
10
What is the value of -33 - -60 - 21 - 26?
-20
What is 7 + (-7 - -3 - -3) + 3 + 2?
11
What is the value of (-6 - -1) + -91 + 108?
12
(-9 - -24) + (15 - 19) - -1
12
What is the value of 16 + -15 + 9 + (7 - 3) + -6?
8
Calculate -4 - (1 + -41 + 18) - -8.
26
What is the value of -84 + 53 + (45 - -11)?
25
(11 - 13) + (-3 - 4 - -1)
-8
Calculate (8 - 6 - 3) + 6.
5
What is (-1 - -7 - 20) + 15?
1
What is the value of 24 + -10 + 25 - 9?
30
What is 1 - (1 + -5) - (7 - -16 - 18)?
0
(-6 - (-13 + 5)) + (-108 - -100)
-6
Calculate (-9 - (-13 - -5) - -2 - 0) + 10.
11
What is -5 + 5 + -25 + 25?
0
What is the value of -12 + -39 - (-35 - -11)?
-27
What is 332 + -349 + (8 - -1)?
-8
-58 - -63 - (1 + (0 - 9))
13
Evaluate -55 + 48 + (4 - 4 - -4).
-3
Evaluate -40 - -75 - (1 - -24).
10
What is (3 - (11 - 2) - -5) + 32 + -3?
28
What is -3 - (27 + 1) - (8 + -5 - 9)?
-25
Calculate -22 - (-17 + -1) - -4.
0
Evaluate 26 - (7 - 3) - 23.
-1
What is -6 - (-2 + 1) - (1497 - 1482)?
-20
Evaluate 1 + -8 + 6 + -1 + -4 + 2.
-4
What is 36 + 4 + (16 - 31 - -5)?
30
What is the value of -18 - (-6 - (-15 + (-7 - -17)))?
-17
Calculate 720 - 705 - (0 - 2).
17
14 + (-20 - -10 - -9 - 1)
12
Calculate -1 + 11 - (-15 - (-6 + -9 + 7)).
17
Evaluate (-1 - 15 - (-264 + 272)) + 6.
-18
Evaluate (6 - 3) + -11 + 68 + -51.
9
Evaluate 71 - 76 - (-12 + -2).
9
0 + (-1 - -13) + -1 + (-2 - -4)
13
Evaluate -1 - 12 - (-47 + 9 + 11).
14
What is the value of -6 + 0 + 7 + (-25 - -22) + 12?
10
What is the value of -22 + 35 - (-2 + 3)?
12
Calculate (4 + -1 - (34 - 28)) + 9 + -3.
3
What is -13 - (13 - ((0 - 9) + 25))?
-10
Evaluate (-4 - 14) + (24 - 6 - 4).
-4
What is the value of (2 - -6) + 7 + (6 - 22)?
-1
What is the value of 21 - (16 - (17 + -23))?
-1
What is the value of 14 - ((10 - (13 + -8)) + 0)?
9
What is the value of -14 + 32 - (6 + -4) - 14?
2
2 + 16 + 9 + 10 + 4 + -7
34
What is -4 - (-4 + (8 - 12) + 15)?
-11
What is 1 - (-5 + (-7 - -21) + (2 - -3))?
-13
What is -11 + 12 + -11 - -11 - 2?
-1
What is the value of 10 - (-1 - -3) - (-18 - (22 - 42))?
6
What is 2 + (0 - -2) + 0 + (74 - 68)?
10
Calculate -63 - (-114 + 44 - -34).
-27
What is the value of (0 - (12 + -7)) + (13 - 1)?
7
(-1 - -14) + -33 + (19 - 25)
-26
-4 + (5 + 3 - (-109 + 95))
18
Evaluate -11 - -12 - (2 + (3 - 1)).
-3
-10 + (6 - (-6 + 9))
-7
0 + (1 - 1) - (2 - (4 + -3))
-1
What is 212 + -152 + (-3 - 22)?
35
-1 + -16 + (4 + 1 - 2 - -1)
-13
Evaluate -13 - ((5 - (2 + 8)) + -2 - -5).
-11
What is the value of -2 + (54 + -4 - 25)?
23
18 + -4 - 7 - (2 - 3)
8
20 + -9 + -14 - 4
-7
(-15 - (33 - 46)) + -20
-22
What is the value of 12 - (-9 + 8 - (-6 - 0)) - 18?
-11
What is the value of -6 - (26 - 21) - -7?
-4
What is the value of -43 - (-28 - (-37 - -57))?
5
Calculate 12 + -13 + 8 + -3 - -8 - 3.
9
What is 3 - (15 + (-3 + -2 - 0)) - 7?
-14
Evaluate -13 + ((-2 - (6 - 5)) + -2 - -5).
-13
-124 + 133 + -1 + -12
-4
Evaluate -21 + (18 - 12 - 6 - -3).
-18
What is the value of 2 + -10 + 5 + -12 + 0?
-15
What is 22 + (-13 - -13) + 5 + 4?
31
-17 - (-8 + (11 - 16) + 3 + 7)
-14
Calculate 4 + (1 - -8 - (36 - 31)).
8
Calculate (-1 - -3) + -8 - 3 - -30.
21
183 + -191 - (-7 - 0)
-1
(9 + -18 + 6 - -12) + 7
16
What is (-24 - -22) + 6 + -5 + -6?
-7
Evaluate -1 + (8 - 12 - 4) + 3.
-6
What is the value of 3 + 1 - ((-5 - 22) + 44 + 8)?
-21
What is 150 + -146 - (-2 - 14)?
20
25 - -6 - 27 - (-7 + 0)
11
-27 + 14 - (14 + -39)
12
What is the value of -5 - (-1 - -8 - (70 + -69))?
-11
What is the value of 4 + 3 - (-22 + 14)?
15
What is the value of 21 + -7 + -1 + -10 + 25 + -6?
22
What is 0 - (7 + (-16 - 11))?
20
Evaluate 12 + 9 + 2 + 2 + -5.
20
3 + 10 + (-5 - 4) - 8
-4
Calculate -1 - ((14 - -2 - 15) + -5 + 1).
2
((12 - 5) + -6 - -2) + -3
0
2 - (-10 + 0) - 2 - (291 - 298)
17
13 + -18 + 7 - (-10 - -1)
11
What is the value of -8 + (-7 + 5 - -2) - (-4 - -3)?
-7
What is (2 - 40) + (320 - 301)?
-19
What is the value of -10 + (-809 - -820) + 0 + (1 - 0)?
2
What is the value of (-11 - (-10 - 1)) + -13?
-13
Calculate 10 + 0 - (-1 + 16 + 12).
-17
3 - 6 - (-25 - (-18 + 16))
20
Evaluate 7 + (9 - 1) + -2 + -8 + 7.
12
Evaluate 3 - ((-3 - (4 - 0)) + 3).
7
Evaluate 8 - 1 - 5 - 10.
-8
Evaluate 1 - (-3 - -3) - (-15 - (-7 + -16)).
-7
What is the value of 46 - (-6 + (-29 - -64))?
17
Calculate ((-30 - -17) + 11 - (-10 + 2)) + -6.
0
What is the value of 2 + 11 + -6 - (-1 + -7)?
15
What is -5 - (0 - (0 + 10 - (25 + -33)))?
13
27 + (2 - -2) + -15
16
Calculate 2 + 1 + -3 + 11 + -3 + -6.
2
-29 + 49 + (-7 - 30)
-17
Evaluate -34 + 67 + -58 + 34.
9
31 - (23 + (0 + 12 - 23))
19
What is the value of (-3723 - -3730) + 2 + -1 + -31 + -1?
-24
285 + -294 - (2 - (18 - -1))
8
What is 0 - (-37 - (1 + (0 - 11)))?
27
Calculate -2 - (-1 + 17 - (34 - 27 - 7)).
-18
Evaluate 5 - (-6 - -3) - (8 - 3).
3
Calculate (-6 - (0 + -5 + -5)) + -2.
2
What is (-13 - (2 - (6 + 1))) + 4?
-4
What is 9 - (2 - (2 - 1)) - 29?
-21
Calculate -14 - 2 - (-25 - -51 - 20).
-22
What is 15 - 2 - (3 + 2 + 8 + -8)?
8
Evaluate (17 - 46 - -11) + (2 - (1 + -6)).
-11
-73 + 43 + 23 - (-9 - -2)
0
What is -6 + (-29 + 12 - -2)?
-21
Calculate (2 - (0 + 18)) + 12 + -4.
-8
Calculate -4 + (-8 - (-27 + 7)) + -14.
-6
Evaluate (2 - (2 - 7 - -16)) + 5.
-4
What is 12 + -5 + -9 + (-2 - -4 - 3)?
-3
Evaluate (112 - 136) + 0 + 43.
19
14 + (-4 - (-4 - (0 - (4 + -2))))
12
Calculate (-82 - -86) + (4 - -2).
10
What is the value of -15 + (9 - 21) + 22 - 8?
-13
Calculate (26 - 17) + (2 - 3).
8
Calculate (-2 - -4) + -5 - (24 - (-12 + 29)).
-10
Calculate -22 + -15 + (19 - -8).
-10
Evaluate (-5 - -5) + (-45 - -62) - 7.
10
Evaluate 1 + (3 - -8 - (15 + -11)).
8
-11 - 0 - (-8 + (6 - 14 - -10))
-5
Evaluate -1 + 1 + -24 + 36 + 11 + -4.
19
Evaluate 2 + (0 - (11 + (10 - 13))).
-6
What is 4 + -44 + 23 + 2?
-15
Calculate (0 - -6) + (-2 + (17 - 5) - 10).
6
Calculate 7 + (4 - (7 + -3)) + 3.
10
What is 18 - ((44 - 24) + 5)?
-7
What is the value of 0 + (-11 + 3 - -13)?
5
What is (0 - 1) + (-23 - -19 - -18)?
13
What is the value of -2 - (-14 - (-11 + 3) - -2)?
2
(11 - -1) + 14 + -11
15
What is the value of 7 - ((7 - -3) + 2) - -3?
-2
Evaluate -2383 + 2377 + 1 + -5.
-10
Evaluate -4 + -10 + (-9 - -17) + 12.
6
-7 + 9 + -1 + -1 + -6 + 4
-2
Evaluate -5 + -1 - (23 - (4 + 42)).
17
Calculate (-55 - -43) + -2 + 11 + -2.
-5
-5 - (-1 - (8 - -9 - 5))
8
Evaluate (20 - 20) + (0 - 2) + (-1 - -11).
8
17 + 35 + -28 + 14 + -14
24
What is 979 + -984 - (1 + -27 + 3 - -1)?
17
Calculate 925 + -893 + (-16 - 1).
15
Evaluate 20 + 36 + -19 + -5 + 0 + -3.
29
Calculate 0 - (12 - (6 + 1 + -6 + 6)).
-5
What is the value of (-5 - (-9 + -6)) + -1 + 1?
10
-6 - (4 + (3 - (-6 - -14)) - 8)
3
What is the value of -18 + 7 + 13 + -11?
-9
Calculate 22 - 7 - (0 - -2) - (-3 + 15).
1
What is the value of -20